{"version":"1.0","provider_name":"Shavei Israel","provider_url":"https:\/\/www.shavei.org\/es\/","author_name":"Tzivia Kusminsky","title":"Concierto de m\u00fasica jud\u00eda en Palma de Mallorca - Shavei Israel","type":"rich","width":600,"height":338,"html":"<blockquote class=\"wp-embedded-content\" data-secret=\"6ghTmPlAJ1\"><a href=\"https:\/\/www.shavei.org\/es\/blog\/2016\/04\/12\/concierto-de-musica-judia-en-palma-de-mallorca\/\">Concierto de m\u00fasica jud\u00eda en Palma de Mallorca<\/a><\/blockquote><iframe sandbox=\"allow-scripts\" security=\"restricted\" src=\"https:\/\/www.shavei.org\/es\/blog\/2016\/04\/12\/concierto-de-musica-judia-en-palma-de-mallorca\/embed\/#?secret=6ghTmPlAJ1\" width=\"600\" height=\"338\" title=\"\u00abConcierto de m\u00fasica jud\u00eda en Palma de Mallorca\u00bb \u2014 Shavei Israel\" data-secret=\"6ghTmPlAJ1\" frameborder=\"0\" marginwidth=\"0\" marginheight=\"0\" scrolling=\"no\" class=\"wp-embedded-content\"><\/iframe><script type=\"text\/javascript\">\n\/* <![CDATA[ *\/\n\/*! This file is auto-generated *\/\n!function(d,l){\"use strict\";l.querySelector&&d.addEventListener&&\"undefined\"!=typeof URL&&(d.wp=d.wp||{},d.wp.receiveEmbedMessage||(d.wp.receiveEmbedMessage=function(e){var t=e.data;if((t||t.secret||t.message||t.value)&&!\/[^a-zA-Z0-9]\/.test(t.secret)){for(var s,r,n,a=l.querySelectorAll('iframe[data-secret=\"'+t.secret+'\"]'),o=l.querySelectorAll('blockquote[data-secret=\"'+t.secret+'\"]'),c=new RegExp(\"^https?:$\",\"i\"),i=0;i<o.length;i++)o[i].style.display=\"none\";for(i=0;i<a.length;i++)s=a[i],e.source===s.contentWindow&&(s.removeAttribute(\"style\"),\"height\"===t.message?(1e3<(r=parseInt(t.value,10))?r=1e3:~~r<200&&(r=200),s.height=r):\"link\"===t.message&&(r=new URL(s.getAttribute(\"src\")),n=new URL(t.value),c.test(n.protocol))&&n.host===r.host&&l.activeElement===s&&(d.top.location.href=t.value))}},d.addEventListener(\"message\",d.wp.receiveEmbedMessage,!1),l.addEventListener(\"DOMContentLoaded\",function(){for(var e,t,s=l.querySelectorAll(\"iframe.wp-embedded-content\"),r=0;r<s.length;r++)(t=(e=s[r]).getAttribute(\"data-secret\"))||(t=Math.random().toString(36).substring(2,12),e.src+=\"#?secret=\"+t,e.setAttribute(\"data-secret\",t)),e.contentWindow.postMessage({message:\"ready\",secret:t},\"*\")},!1)))}(window,document);\n\/\/# sourceURL=https:\/\/www.shavei.org\/wp-includes\/js\/wp-embed.min.js\n\/* ]]> *\/\n<\/script>\n","description":"El shabat pasado, parashat Itr\u00f3, tuvo lugar un espl\u00e9ndido seminario de Shavei Israel en Palma de Mallorca, en el cual participaron alrededor de 50 personas de todo Espa\u00f1a. El seminario cont\u00f3 con la participaci\u00f3n especial del Rabino Mosh\u00e9 Ben Dah\u00e1n de Madrid y finaliz\u00f3 con...","thumbnail_url":"https:\/\/www.shaveiisrael.com\/wp-content\/uploads\/2013\/02\/Peri\u00f3dico-\u00daltima-Hora-3-02-2013-168x300.jpg"}

Concierto de música judía en Palma de Mallorca - Shavei Israel

<blockquote class="wp-embedded-content" data-secret="6ghTmPlAJ1"><a href="https://www.shavei.org/es/blog/2016/04/12/concierto-de-musica-judia-en-palma-de-mallorca/">Concierto de música judía en Palma de Mallorca</a></blockquote><iframe sandbox="allow-scripts" security="restricted" src="https://www.shavei.org/es/blog/2016/04/12/concierto-de-musica-judia-en-palma-de-mallorca/embed/#?secret=6ghTmPlAJ1" width="600" height="338" title="«Concierto de música judía en Palma de Mallorca» — Shavei Israel" data-secret="6ghTmPlAJ1" frameborder="0" marginwidth="0" marginheight="0" scrolling="no" class="wp-embedded-content"></iframe><script type="text/javascript">
/* <![CDATA[ */
/*! This file is auto-generated */
!function(d,l){"use strict";l.querySelector&&d.addEventListener&&"undefined"!=typeof URL&&(d.wp=d.wp||{},d.wp.receiveEmbedMessage||(d.wp.receiveEmbedMessage=function(e){var t=e.data;if((t||t.secret||t.message||t.value)&&!/[^a-zA-Z0-9]/.test(t.secret)){for(var s,r,n,a=l.querySelectorAll('iframe[data-secret="'+t.secret+'"]'),o=l.querySelectorAll('blockquote[data-secret="'+t.secret+'"]'),c=new RegExp("^https?:$","i"),i=0;i<o.length;i++)o[i].style.display="none";for(i=0;i<a.length;i++)s=a[i],e.source===s.contentWindow&&(s.removeAttribute("style"),"height"===t.message?(1e3<(r=parseInt(t.value,10))?r=1e3:~~r<200&&(r=200),s.height=r):"link"===t.message&&(r=new URL(s.getAttribute("src")),n=new URL(t.value),c.test(n.protocol))&&n.host===r.host&&l.activeElement===s&&(d.top.location.href=t.value))}},d.addEventListener("message",d.wp.receiveEmbedMessage,!1),l.addEventListener("DOMContentLoaded",function(){for(var e,t,s=l.querySelectorAll("iframe.wp-embedded-content"),r=0;r<s.length;r++)(t=(e=s[r]).getAttribute("data-secret"))||(t=Math.random().toString(36).substring(2,12),e.src+="#?secret="+t,e.setAttribute("data-secret",t)),e.contentWindow.postMessage({message:"ready",secret:t},"*")},!1)))}(window,document);
//# sourceURL=https://www.shavei.org/wp-includes/js/wp-embed.min.js
/* ]]> */
</script>

El shabat pasado, parashat Itró, tuvo lugar un espléndido seminario de Shavei Israel en Palma de Mallorca, en el cual participaron alrededor de 50 personas de todo España. El seminario contó con la participación especial del Rabino Moshé Ben Dahán de Madrid y finalizó con...

https://www.shaveiisrael.com/wp-content/uploads/2013/02/Periódico-Última-Hora-3-02-2013-168x300.jpg
