{"version":"1.0","provider_name":"Shavei Israel","provider_url":"https:\/\/www.shavei.org\/es\/","author_name":"Shavei Israel","title":"Conferencia de prensa en Palma de Mallorca - Shavei Israel","type":"rich","width":600,"height":338,"html":"<blockquote class=\"wp-embedded-content\" data-secret=\"hK1K52Ov2F\"><a href=\"https:\/\/www.shavei.org\/es\/blog\/2011\/07\/12\/conferencia-de-prensa-en-palma-de-mallorca\/\">Conferencia de prensa en Palma de Mallorca<\/a><\/blockquote><iframe sandbox=\"allow-scripts\" security=\"restricted\" src=\"https:\/\/www.shavei.org\/es\/blog\/2011\/07\/12\/conferencia-de-prensa-en-palma-de-mallorca\/embed\/#?secret=hK1K52Ov2F\" width=\"600\" height=\"338\" title=\"\u00abConferencia de prensa en Palma de Mallorca\u00bb \u2014 Shavei Israel\" data-secret=\"hK1K52Ov2F\" frameborder=\"0\" marginwidth=\"0\" marginheight=\"0\" scrolling=\"no\" class=\"wp-embedded-content\"><\/iframe><script type=\"text\/javascript\">\n\/* <![CDATA[ *\/\n\/*! This file is auto-generated *\/\n!function(d,l){\"use strict\";l.querySelector&&d.addEventListener&&\"undefined\"!=typeof URL&&(d.wp=d.wp||{},d.wp.receiveEmbedMessage||(d.wp.receiveEmbedMessage=function(e){var t=e.data;if((t||t.secret||t.message||t.value)&&!\/[^a-zA-Z0-9]\/.test(t.secret)){for(var s,r,n,a=l.querySelectorAll('iframe[data-secret=\"'+t.secret+'\"]'),o=l.querySelectorAll('blockquote[data-secret=\"'+t.secret+'\"]'),c=new RegExp(\"^https?:$\",\"i\"),i=0;i<o.length;i++)o[i].style.display=\"none\";for(i=0;i<a.length;i++)s=a[i],e.source===s.contentWindow&&(s.removeAttribute(\"style\"),\"height\"===t.message?(1e3<(r=parseInt(t.value,10))?r=1e3:~~r<200&&(r=200),s.height=r):\"link\"===t.message&&(r=new URL(s.getAttribute(\"src\")),n=new URL(t.value),c.test(n.protocol))&&n.host===r.host&&l.activeElement===s&&(d.top.location.href=t.value))}},d.addEventListener(\"message\",d.wp.receiveEmbedMessage,!1),l.addEventListener(\"DOMContentLoaded\",function(){for(var e,t,s=l.querySelectorAll(\"iframe.wp-embedded-content\"),r=0;r<s.length;r++)(t=(e=s[r]).getAttribute(\"data-secret\"))||(t=Math.random().toString(36).substring(2,12),e.src+=\"#?secret=\"+t,e.setAttribute(\"data-secret\",t)),e.contentWindow.postMessage({message:\"ready\",secret:t},\"*\")},!1)))}(window,document);\n\/\/# sourceURL=https:\/\/www.shavei.org\/wp-includes\/js\/wp-embed.min.js\n\/* ]]> *\/\n<\/script>\n","description":"El pasado 12 de julio, Michael Freund, director de Shavei Israel y el Rabino Eliahu Birnbaum, rabino de la organizaci\u00f3n, realizaron una conferencia de prensa en Palma de Mallorca para anunciar el hist\u00f3rico dict\u00e1men\u00a0del Rabino Nisim Karelitz, l\u00edder de la corte rab\u00ednica de Bnei Brak,\u00a0decretando..."}

El pasado 12 de julio, Michael Freund, director de Shavei Israel y el Rabino Eliahu Birnbaum, rabino de la organización, realizaron una conferencia de prensa en Palma de Mallorca para anunciar el histórico dictámen del Rabino Nisim Karelitz, líder de la corte rabínica de Bnei Brak, decretando...
